 + -1.
4
Evaluate (0 - -6) + (-8 + -1 - -7).
4
What is (0 - (3 - 1)) + 4?
2
Calculate (-54 - -49) + 13 + (2 - 1).
9
Calculate -7 - 0 - (4 - 8).
-3
What is the value of 8 - (3 + -4 - -4)?
5
What is -3 - -1 - (-22 + 16)?
4
(4 - 2) + 13 + -18 + 10
7
What is -7 + 10 + -14 - (-5 + -1)?
-5
What is the value of (-6 - -4) + 7 - 5?
0
-4 + 9 + -7 + 2
0
4 + 0 + (-10 + 0 - -1)
-5
What is the value of (-1 - -1 - -2) + -2?
0
What is 2 + -2 + (-3 - -4)?
1
What is (0 - (4 - 1)) + 3?
0
What is the value of -1 - -1 - (11 + 17 + -36)?
8
What is the value of (2 - -3) + -1 - (0 + 4)?
0
Calculate -1 - ((3 - -2) + -5).
-1
Calculate -1 + -1 + (0 - 0) + -3.
-5
What is the value of -4 - 1 - (-6 - -3)?
-2
What is the value of 1 + -3 - (-2 - (3 + -2))?
1
Evaluate 3 + 0 + (0 - 7).
-4
Calculate -5 + 7 + -3 + 0.
-1
Evaluate -1 - (0 - 5 - (-12 + 9)).
1
-3 + 4 - (9 + -9)
1
-4 - -9 - 5 - (-1 - -4)
-3
What is the value of -3 + (16 - (-5 + 13))?
5
Calculate 3 - (-1 + 2 + -5 - -2).
5
What is -7 - (-31 + 31 + -9 + 1)?
1
Evaluate -1 + 7 - (-2 + 6).
2
Calculate 11 + (-9 - (-4 + 1)).
5
1 + -1 + (13 + -12 - -5)
6
What is 17 + -20 - (-6 - -1)?
2
What is -1 + (3 - 4) - -2?
0
Evaluate -3 - -2 - (0 + 5 - 2).
-4
Calculate 3 + 0 - -2 - 13.
-8
-1 + 0 + (12 - 9) + 1
3
What is the value of (-6 - 6) + (11 - 9)?
-10
What is the value of 2 + -2 - (-7 - -12)?
-5
Calculate -6 + 5 + -1 + 3.
1
(16 - 23 - (-13 - 0)) + -13
-7
Calculate -3 + -1 + 0 + 49 + -45.
0
What is -8 + 8 + 5 + 2 - 1?
6
Calculate 9 - ((-3 - -20) + -5).
-3
What is the value of -5 - (-7 - -11) - (0 - 5)?
-4
Evaluate -7 + (-2 - (-5 - (2 - 0))).
-2
Calculate -1 + 1 - (18 + -19).
1
What is the value of 1 + (0 - 6 - -2)?
-3
What is -2 + (5 + -2 - (-1 + 4))?
-2
What is 14 + -4 - (-4 + -1 + 10)?
5
2 + -8 - (44 + -52)
2
Evaluate (0 - -8 - -1) + (14 - 12).
11
What is the value of 13 + -20 + (2 - -1)?
-4
(-5 + -4 - -7) + 3
1
Calculate -11 + -3 + -3 + 8.
-9
What is the value of -2 + -1 - (2 - (8 + -4))?
-1
What is the value of (10 - 7) + 0 + -6?
-3
1 - (6 - (-3 + 10))
2
What is the value of (-4 - -2 - -1) + -2 + -2?
-5
Evaluate -1 + 2 + 4 - 6.
-1
Calculate 8 + (-5 - (8 + -7)).
2
Evaluate 1 - (-2 - -4 - -2).
-3
What is (11 - 15) + -1 + 0?
-5
Calculate (0 - 5) + 3 + -3 + 8.
3
Evaluate -2 + (12 + -11 - (0 + -2)).
1
What is the value of 1 - 2 - ((2 - -2) + -3)?
-2
(-1 - -3) + -1 + 0 + 4
5
Evaluate -3 - (2 + (-2 - -1)) - -8.
4
What is the value of 1 + -2 - (-3 + 7)?
-5
Calculate (-2 - 3) + (10 - 4) - 2.
-1
What is the value of -7 + 1 - (-12 - -11)?
-5
Evaluate -6 + (-4 - -8) + (1 - 2).
-3
Evaluate 2 - (-3 - (-12 - -3)).
-4
(-1 + 6 - (24 - 11)) + 7
-1
Calculate 6 + 4 + 2 + 2 + -7.
7
What is the value of (9 - ((3 - 0) + 2)) + 0?
4
What is the value of (-5 - -17) + -2 + -5?
5
What is -2 + -3 - -4 - -4?
3
What is 33 + -29 + (-2 - 10)?
-8
What is the value of (1 - 3) + 0 + -9 + 9?
-2
(13 - 4 - 2) + -14
-7
Evaluate -11 + 10 + (2 - (-4 - -3)).
2
What is the value of 12 - (3 + (-7 - -18))?
-2
What is 6 + ((4 - 2) + -2 - 5)?
1
Evaluate (-8 - -10) + (-1 + 6 - 2).
5
Calculate 3 + 3 + -9 + -4 - -5.
-2
What is the value of -1 + (-11 - (5 - 9))?
-8
What is 8 + (0 - 4) + 4?
8
Calculate (6 - 5) + -13 - -17.
5
Calculate -2 - (2 + -2 - 4) - -3.
5
Evaluate -18 + 9 + 10 - (-1 - -4).
-2
What is the value of 7 + -3 + -4 - (-2 - 2)?
4
What is -5 - (-4 + 5 - 6)?
0
Evaluate 1 - (-8 - (-1 + -5)).
3
Evaluate 23 + (-17 - -5) + -2.
9
-2 + 7 + -2 - (4 - 5)
4
Calculate 2 + 2 + 0 + (-2 - -2).
4
Calculate -4 - (-8 - (-7 + 8)).
5
Calculate (14 - (-7 + 9)) + -7.
5
What is -18 - -18 - (-1 - 7)?
8
(7 - 2) + -9 - 0
-4
What is (21 - 7) + -25 + 12?
1
What is 3 + -12 + -4 - (-10 - -3)?
-6
0 + 8 + -79 + 65
-6
What is -1 + 9 + -21 + 16?
3
-2 - -5 - (-5 - (-10 + 5))
3
Evaluate -4 + 10 + -3 - 9.
-6
What is 1 - (4 + -3 + 1)?
-1
15 + -7 + 9 - 9
8
What is -1 - (-6 + -3) - -5 - 3?
10
Evaluate 3 + -1 - 2 - (0 - 0).
0
Evaluate -2 + 0 - (-2 + -6 + 8).
-2
What is the value of -1 + -6 - (-17 + 6)?
4
6 + -2 + -2 + -10 + 11
3
Calculate -5 - (-4 + -8 + (14 - 5)).
-2
What is the value of 3 + (2 - -1) - (20 - 12)?
-2
Calculate 7 + (2 - (4 + 3)).
2
What is the value of -4 - -5 - (-1 - -5)?
-3
What is the value of (1 - -8) + -20 - (-2 - 1)?
-8
What is 1 + 23 - 13 - 2?
9
Calculate 4 - (-8 - -12) - -6.
6
Calculate 1 - 1 - ((-3 - -5) + 3).
-5
Calculate 1 - 3 - (-21 + 14).
5
Calculate -28 + 26 + (2 + -7 - 0).
-7
4 - (-3 - ((-3 - 2) + 0))
2
Evaluate 3 + 5 + 48 + -56.
0
What is (5 - 10) + 0 - -8?
3
Evaluate -3 - (3 - 7) - 8 - -1.
-6
Calculate (0 - 0) + 31 + -39.
-8
Evaluate -3 + (-6 - ((5 - 7) + -13)).
6
Evaluate 18 + -10 - (6 + -3).
5
What is -4 + (2 - -2) + (-2 - 2)?
-4
Evaluate 2 + -3 + 6 + -5 - 2.
-2
Evaluate -3 + -1 - -1 - (23 - 22).
-4
Evaluate (2 - 7) + (17 - 8).
4
Calculate 5 + -6 + -2 + -1.
-4
What is the value of -11 - (-8 - (-6 + 2))?
-7
What is -1 + 3 + -4 + 1?
-1
Calculate -6 + 7 + (2 - -1) + -5.
-1
-5 + (-6 + 10 - 4)
-5
What is the value of (-4 - (-3 + 1)) + (9 - 10)?
-3
What is -3 + (7 - (8 + 0 + -1))?
-3
16 + -17 - (-1 - -4)
-4
Evaluate -7 - (-2 - (5 - (7 + -3))).
-4
What is -6 + (2 - -4) + 2?
2
Evaluate -7 - (-4 - (4 + -6) - -1).
-6
-6 - (-3 + 0) - 2
-5
What is the value of -3 + 6 - (-3 - -5)?
1
What is -11 + 22 - 12 - 4?
-5
-2 + -6 + 7 + (0 - 6)
-7
Evaluate (4 - -1) + (-5 - (2 + -5)).
3
What is the value of 20 + -17 + (1 - 1) + -3?
0
What is -9 + 17 + (-8 - -3)?
3
What is the value of 2 - (1 - (6 + -8))?
-1
Evaluate -8 + 15 + (2 - 9).
0
What is (-1 - 5) + 4 + 1?
-1
Evaluate (1 - -5) + 96 + -96.
6
-4 - -6 - (6 + 0)
-4
2 + (-2 - 1) + 4
3
What is the value of 0 + 1 + (3 - -6 - 11)?
-1
What is the value of 4 + 4 + (-5 - -1) - 0?
4
What is 0 - -6 - (-2 + 12 + -1)?
-3
What is the value of -6 - -3 - (-2 - -1) - -3?
1
What is -3 - -5 - 2 - (0 - -2)?
-2
Calculate -4 + 0 + -1 + 1.
-4
Calculate -2 - -14 - 18 - -8.
2
-8 + 9 - (-1 + 4)
-2
-7 - (-14 + 11 + 0 + 1)
-5
What is (5 - 11 - (4 - 2)) + 2?
-6
What is -1 + 2 - (-6 + 6)?
1
Calculate -11 - (-7 + 4) - -1.
-7
2 - (1 - (2 + 2))
5
Evaluate 0 - (-7 - -2) - (272 + -259).
-8
Evaluate (1 - -1 - 2) + (9 - 8).
1
Evaluate 1 - (4 + -6 + 4) - 3.
-4
What is 28 + -17 - (10 + -1)?
2
What is -8 - (-13 - (9 + -4 + 0))?
10
What is 7 - 16 - (-4 - -1)?
-6
Evaluate -9 + 10 - (-2 + -1).
4
What is the value of 94 + -89 - (-2 + -2)?
9
(-3 - (-8 + 14)) + 2
-7
Calculate -3 - (-2 - -2) - (-1 + -6).
4
What is the value of (-5 - (4 + -8)) + -9 + 6?
-4
What is -4 + 5 + (-6 - (5 - 7))?
-3
What is the value of (-12 - -7) + (3 - 1)?
-3
Evaluate 10 + (-5 - (13 + -8)).
0
Calculate 2 + -4 + 1 - -4.
3
Calculate -2 + 2 + -4 - -8.
4
-2 + -2 + 2 + 7
5
Calculate (6 - 14) + 6 + -1.
-3
What is -3 + -5 - 4 - (-6 - 0)?
-6
Evaluate (2 - -2) + (7 + -2 - 5).
4
What is (2 - (-2 - 0)) + (-13 - -14)?
5
Calculate 1 - -4 - (12 + -5).
-2
What is the value of (-1 - (8 + -4)) + 4?
-1
What is -7 - (6 + (2 - 18))?
3
Calculate -6 + -4 + 10 + 6 + -1.
5
Evaluate 8 - (-1 + 4) - (13 - 7).
-1
What is 1 - -1 - (0 - (-6 + 6))?
2
Evaluate 3 + (-5 - (1 + (0 - 3))).
0
Calculate (-5 - -10) + (2 - 5).
2
Evaluate -2 - ((-10 - -2) + 11).
-5
Evaluate 1 - (3 + 8 + -7).
-3
Calculate (2 - 0) + 0 + 1.
3
What is the value of 7 + 1 + (4 - 21)?
-9
Evaluate 2 + -14 - -7 - 4.
-9
9 - 12 - (-2 + 4 - 3)
-2
What is the value of -2 + (-6 - -10) - -1?
3
Evaluate 3 + 0 + (3 - 4).
2
Evaluate -6 + (-3 - -3 - -10).
4
Calculate (2 - -2) + 2 - 10.
-4
Calculate -3 + (12 + -3 - (-4 + 8)).
2
2 + (8 - (-1 + 16))
-5
Evaluate 5 + -4 + 5 - 4.
2
Calculate 16 + -14 - (-1 - 0 - -8).
-5
1 + (6 + -14 - -13)
6
7 - (9 + 3 - 6)
1
Evaluate -1 + (-1 + 4 - 4) + 2.
0
1 - (-5 - -3 - -5) - -2
0
What is -163 + 162 + -3 + -1?
-5
7 - 0 - 7 - -3
3
What is 1 + 2 + (-1 - 4)?
-2
What is the value of -3 + (4 - 1) - 3?
-3
What is the value of 2 + 1 - (1 + -3 - -4)?
1
Evaluate -11 + 8 - -6 - (1 + 5).
-3
Calculate 3 + 4 + -4 + -3.
0
What is the value of -7 + 3 + 3 + -5?
-6
Calculate -4 + (-4 - -12) - (4 + -5).
5
Evaluate (-2 - -2) + (2 - 2).
0
Calculate (-4 - -4) + (0 - -1).
1
Calculate 4 - (15 + -4) - -4.
-3
Evaluate -3 + ((-3 - -1) + 2 - -6).
3
-5 - (-5 + -4 + 7)
-3
Calculate (5 - (5 + -5 - -4)) + -4.
-3
Calculate (3 - (9 - -1)) + 5.
-2
Calculate 1 - (1 + 7) - -2.
-5
What is -4 - (-6 + -5) - 9?
-2
What is the value of 1 + (2 - (-1 - -2))?
2
What is (3 + -5 - -6) + (7 - 7)?
